{"id":340,"date":"2023-11-28T17:14:59","date_gmt":"2023-11-28T17:14:59","guid":{"rendered":"https:\/\/solaris-liberty.de\/?page_id=340"},"modified":"2024-07-31T23:17:55","modified_gmt":"2024-07-31T23:17:55","slug":"warum","status":"publish","type":"page","link":"https:\/\/solaris-liberty.de\/?page_id=340","title":{"rendered":"Warum?"},"content":{"rendered":"\n<p>In konventionellen Photovoltaikanlagen erfolgt der Fluss der Energie von den Solarmodulen \u00fcber einen Laderegler zum Akku. Von dort wird die gespeicherte Energie \u00fcber einen Wechselrichter entnommen und ins Hausnetz eingespeist. Was bei dieser herk\u00f6mmlichen Anordnung ins Auge sticht, ist die feste Verbindung aller Baugruppen. In der Praxis bedeutet dies, dass Wechselrichter, Akku und Laderegler durch spezielle Leitungen miteinander verbunden sind.<\/p>\n\n\n\n<p class=\"MsoNormal\">Diese Struktur weist jedoch einige Nachteile auf:<\/p>\n\n\n\n<ul class=\"wp-block-list\">\n<li>Geringe r\u00e4umliche Flexibilit\u00e4t: Die feste Verbindung der Baugruppen begrenzt die Flexibilit\u00e4t bei der Installation, da sie an einen bestimmten Ort gebunden sind. <\/li>\n\n\n\n<li>Verlegung spezieller Leitungen n\u00f6tig: Die Installation erfordert die Verlegung spezieller Leitungen, was zus\u00e4tzlichen Aufwand und Kosten mit sich bringt.<\/li>\n\n\n\n<li>Hohe Umwandlungsverluste: Durch die festen Verbindungen entstehen Umwandlungsverluste, wenn die Energie zwischen den verschiedenen Baugruppen flie\u00dft, was die Gesamteffizienz beeintr\u00e4chtigen kann.<\/li>\n\n\n\n<li>Herstellerbindung zwischen Laderegler, Wechselrichter und Akku: Die starre Verbindung zwischen Laderegler, Wechselrichter und Akku kann zu einer Herstellerbindung f\u00fchren, wodurch die Auswahlm\u00f6glichkeiten f\u00fcr Verbraucher eingeschr\u00e4nkt werden.<\/li>\n<\/ul>\n\n\n\n<p class=\"MsoNormal\"><strong>Diese Herausforderungen verdeutlichen die Notwendigkeit einer flexibleren und effizienteren L\u00f6sung in der Photovoltaik-Speichertechnologie.<\/strong><\/p>\n","protected":false},"excerpt":{"rendered":"<p>In konventionellen Photovoltaikanlagen erfolgt der Fluss der Energie von den Solarmodulen \u00fcber einen Laderegler zum Akku. Von dort wird die gespeicherte Energie \u00fcber einen Wechselrichter entnommen und ins Hausnetz eingespeist. Was bei dieser herk\u00f6mmlichen Anordnung ins Auge sticht, ist die feste Verbindung aller Baugruppen. In der Praxis bedeutet dies, dass Wechselrichter, Akku und Laderegler durch&hellip; <a class=\"more-link\" href=\"https:\/\/solaris-liberty.de\/?page_id=340\">Continue reading <span class=\"screen-reader-text\">Warum?<\/span><\/a><\/p>\n","protected":false},"author":1,"featured_media":0,"parent":0,"menu_order":0,"comment_status":"closed","ping_status":"closed","template":"","meta":{"footnotes":""},"class_list":["post-340","page","type-page","status-publish","hentry","entry"],"_links":{"self":[{"href":"https:\/\/solaris-liberty.de\/index.php?rest_route=\/wp\/v2\/pages\/340","targetHints":{"allow":["GET"]}}],"collection":[{"href":"https:\/\/solaris-liberty.de\/index.php?rest_route=\/wp\/v2\/pages"}],"about":[{"href":"https:\/\/solaris-liberty.de\/index.php?rest_route=\/wp\/v2\/types\/page"}],"author":[{"embeddable":true,"href":"https:\/\/solaris-liberty.de\/index.php?rest_route=\/wp\/v2\/users\/1"}],"replies":[{"embeddable":true,"href":"https:\/\/solaris-liberty.de\/index.php?rest_route=%2Fwp%2Fv2%2Fcomments&post=340"}],"version-history":[{"count":5,"href":"https:\/\/solaris-liberty.de\/index.php?rest_route=\/wp\/v2\/pages\/340\/revisions"}],"predecessor-version":[{"id":408,"href":"https:\/\/solaris-liberty.de\/index.php?rest_route=\/wp\/v2\/pages\/340\/revisions\/408"}],"wp:attachment":[{"href":"https:\/\/solaris-liberty.de\/index.php?rest_route=%2Fwp%2Fv2%2Fmedia&parent=340"}],"curies":[{"name":"wp","href":"https:\/\/api.w.org\/{rel}","templated":true}]}}